{"id":4280,"date":"2024-08-23T19:18:05","date_gmt":"2024-08-23T22:18:05","guid":{"rendered":"https:\/\/vomarli.com.br\/?post_type=product&#038;p=4280"},"modified":"2024-08-23T21:55:55","modified_gmt":"2024-08-24T00:55:55","slug":"pao-de-centeio","status":"publish","type":"product","link":"https:\/\/vomarli.com.br\/?product=pao-de-centeio","title":{"rendered":"P\u00e3o caseiro de Centeio"},"content":{"rendered":"<p>O P\u00e3o de Centeio \u00e9 rico em nutrientes pois o centeio \u00e9 um cereal resistente a baixas temperaturas, tem uma textura mais densa do que a de outros cereais, e um sabor forte e marcante, tem um valor nutricional valioso, que pode trazer diversos pontos positivos para o organismo. \u00c9 rico em minerais como mangan\u00eas, cobre, magn\u00e9sio e f\u00f3sforo; fonte de vitaminas do complexo B; e abundante em fibras. Melhora da sa\u00fade digestiva, fortalecimento da imunidade, fun\u00e7\u00e3o antioxidante, controle dos n\u00edveis de a\u00e7\u00facar e gordura no sangue.<\/p>\n","protected":false},"excerpt":{"rendered":"<p>O cereal Centeio\u00a0 (Secale cereale L.) \u00e9 muito parecido com o trigo. Na Europa, onde o clima frio \u00e9 ideal para o cultivo da planta, a farinha de centeio est\u00e1 presente em 2\/3 dos p\u00e3es consumidos.<\/p>\n<p>Os principais nutrientes presentes no centeio s\u00e3o: carboidratos, fibras, f\u00f3sforo, magn\u00e9sio, zinco, mangan\u00eas e sel\u00eanio. Elementos essenciais que metabolicamente fornecem a energia necess\u00e1ria para o corpo realizar as atividades do dia a dia, o gr\u00e3o ainda ajuda a garantir a boa sa\u00fade do intestino e dos ossos.<\/p>\n<p>O cereal tamb\u00e9m fortalece o sistema de defesa do corpo \u2013 o que ajuda a diminuir as gripes e resfriados, por exemplo. Quem deseja perder alguns quilinhos vai adorar saber que o centeio contribui no controle da absor\u00e7\u00e3o da gordura e do a\u00e7\u00facar no sangue. E que ele \u00e9 fonte de antioxidantes, que eliminam os radicais livres.<\/p>\n<p>Ingredientes: Farinha de trigo especial enriquecida com \u00e1cido f\u00f3lico, Farinha de centeio, Cevada torrada, Fermento biol\u00f3gico e Sal.<\/p>\n<p>N\u00e3o cont\u00e9m emulsificantes e conservantes.<\/p>\n<p>CONT\u00c9M GL\u00daTEN.<\/p>\n<p>Al\u00e9rgicos: Cont\u00e9m Trigo, Centeio e derivados de soja<\/p>\n<p><a href=\"http:\/\/vomarli.com.br\/wp-content\/uploads\/2024\/08\/PAO-CENTEIO.png\"><img loading=\"lazy\" decoding=\"async\" width=\"300\" height=\"262\" class=\"alignnone size-medium wp-image-4282\" src=\"http:\/\/vomarli.com.br\/wp-content\/uploads\/2024\/08\/PAO-CENTEIO-300x262.png\" alt=\"\" srcset=\"https:\/\/vomarli.com.br\/wp-content\/uploads\/2024\/08\/PAO-CENTEIO-300x262.png 300w, https:\/\/vomarli.com.br\/wp-content\/uploads\/2024\/08\/PAO-CENTEIO-600x524.png 600w, https:\/\/vomarli.com.br\/wp-content\/uploads\/2024\/08\/PAO-CENTEIO.png 609w\" sizes=\"auto, (max-width: 300px) 100vw, 300px\" \/><\/a><\/p>\n","protected":false},"featured_media":4281,"template":"","meta":{"_monsterinsights_skip_tracking":false,"_monsterinsights_sitenote_active":false,"_monsterinsights_sitenote_note":"","_monsterinsights_sitenote_category":0},"product_cat":[41],"product_tag":[],"class_list":{"0":"post-4280","1":"product","2":"type-product","3":"status-publish","4":"has-post-thumbnail","6":"product_cat-paespeciais","8":"first","9":"instock","10":"featured","11":"shipping-taxable","12":"product-type-simple"},"_links":{"self":[{"href":"https:\/\/vomarli.com.br\/index.php?rest_route=\/wp\/v2\/product\/4280","targetHints":{"allow":["GET"]}}],"collection":[{"href":"https:\/\/vomarli.com.br\/index.php?rest_route=\/wp\/v2\/product"}],"about":[{"href":"https:\/\/vomarli.com.br\/index.php?rest_route=\/wp\/v2\/types\/product"}],"wp:featuredmedia":[{"embeddable":true,"href":"https:\/\/vomarli.com.br\/index.php?rest_route=\/wp\/v2\/media\/4281"}],"wp:attachment":[{"href":"https:\/\/vomarli.com.br\/index.php?rest_route=%2Fwp%2Fv2%2Fmedia&parent=4280"}],"wp:term":[{"taxonomy":"product_cat","embeddable":true,"href":"https:\/\/vomarli.com.br\/index.php?rest_route=%2Fwp%2Fv2%2Fproduct_cat&post=4280"},{"taxonomy":"product_tag","embeddable":true,"href":"https:\/\/vomarli.com.br\/index.php?rest_route=%2Fwp%2Fv2%2Fproduct_tag&post=4280"}],"curies":[{"name":"wp","href":"https:\/\/api.w.org\/{rel}","templated":true}]}}